{"id":257,"date":"2020-02-18T18:56:09","date_gmt":"2020-02-18T17:56:09","guid":{"rendered":"http:\/\/omarhasan.fr\/?page_id=257"},"modified":"2020-12-19T01:09:55","modified_gmt":"2020-12-19T00:09:55","slug":"en-entreprise","status":"publish","type":"page","link":"https:\/\/omarhasan.fr\/index.php\/en-entreprise\/","title":{"rendered":"EN ENTREPRISE"},"content":{"rendered":"<p>[et_pb_section fb_built=\u00a0\u00bb1&Prime; _builder_version=\u00a0\u00bb4.0.2&Prime; background_color=\u00a0\u00bb#000000&Prime; background_image=\u00a0\u00bbhttp:\/\/vafdmd.com\/oh\/wp-content\/uploads\/2019\/10\/food-bank_57.png\u00a0\u00bb custom_padding=\u00a0\u00bb0px||84px|||\u00a0\u00bb][\/et_pb_section][et_pb_section fb_built=\u00a0\u00bb1&Prime; fullwidth=\u00a0\u00bbon\u00a0\u00bb _builder_version=\u00a0\u00bb4.0.6&Prime;][et_pb_fullwidth_image src=\u00a0\u00bbhttp:\/\/omarhasan.fr\/wp-content\/uploads\/2020\/03\/IMG_4212.jpg\u00a0\u00bb _builder_version=\u00a0\u00bb4.0.6&Prime;][\/et_pb_fullwidth_image][\/et_pb_section][et_pb_section fb_built=\u00a0\u00bb1&Prime; _builder_version=\u00a0\u00bb4.0.2&Prime; custom_padding=\u00a0\u00bb21px||29px|||\u00a0\u00bb][et_pb_row _builder_version=\u00a0\u00bb4.0.2&Prime; custom_padding=\u00a0\u00bb||1px|||\u00a0\u00bb][et_pb_column type=\u00a0\u00bb4_4&Prime; _builder_version=\u00a0\u00bb4.0.2&Prime;][et_pb_text _builder_version=\u00a0\u00bb4.0.6&Prime;]<\/p>\n<header class=\"major\">\n<h1 style=\"text-align: center;\"><b>OMAR SUR MESURE<\/b><\/h1>\n<p><b><\/b><\/p>\n<p><b><\/b><\/p>\n<\/header>\n<p><span style=\"font-weight: 400;\">Chaque entreprise poss\u00e8de son propre ADN, chaque \u00e9v\u00e9nement a sa propre raison d\u2019\u00eatre. Il est donc important de proposer \u00e0 chaque commanditaire un format \u00ab\u00a0sur-mesure\u00a0\u00bb pour montrer son positionnement sur les sujets qui entourent son activit\u00e9 de pr\u00e8s ou de loin.<\/span><\/p>\n<p><span style=\"font-weight: 400;\"><\/span><\/p>\n<p><span style=\"font-weight: 400;\"><\/span><\/p>\n<p style=\"text-align: justify;\"><span><\/span><\/p>\n<p style=\"text-align: justify;\"><b>OMAR \u00ab\u00a0SUR-MESURE\u00a0\u00bb, c\u2019est comment\u00a0?<\/b><\/p>\n<p style=\"text-align: justify;\"><span style=\"font-weight: 400;\">Prendre le pouls de l\u2019entreprise, \u00e9couter et comprendre les objectifs, trouver les bons mots pour diffuser l\u2019id\u00e9e, jouer avec les mots pour mieux se jouer des situations complexes.\u00a0<\/span><\/p>\n<p style=\"text-align: justify;\"><span style=\"font-weight: 400;\">Notre valeur ajout\u00e9e rel\u00e8ve du bon sens qui consiste simplement \u00e0 rappeler les r\u00e8gles de l\u2019organisation de groupe. Le fond va rappeler les pr\u00e9ceptes \u00e9l\u00e9mentaires du \u00ab\u00a0bien travailler ensemble\u00a0\u00bb en \u00e9voquant l\u2019\u00e9coute, le soutien, mais aussi la posture et le maillage du groupe pour la coh\u00e9sion d\u2019\u00e9quipe.\u00a0<\/span><\/p>\n<p style=\"text-align: justify;\"><span style=\"font-weight: 400;\">La forme va apporter une touche plus l\u00e9g\u00e8re qui va permettre de mieux inscrire le message \u00e0 faire entendre en optant pour le texte et la com\u00e9die, ou la musique, avec pour objectif de valoriser le collaborateur et de renforcer son r\u00f4le au c\u0153ur de son entreprise.\u00a0<\/span><\/p>\n<p style=\"text-align: justify;\"><span style=\"font-weight: 400;\">Nous travaillons les textes \u00ab\u00a0sur-mesure\u00a0\u00bb avec un ou plusieurs rendez-vous de pr\u00e9paration en fonction des objectifs.\u00a0<\/span><\/p>\n<p style=\"text-align: justify;\"><b>Les 3 valeurs ajout\u00e9es<\/b><\/p>\n<ul style=\"text-align: justify;\">\n<li style=\"font-weight: 400;\"><span style=\"font-weight: 400;\">Valoriser le savoir-faire des collaborateurs tout en leur proposant des m\u00e9thodes simples afin de \u00ab\u00a0mieux\u00a0\u00bb \u00e9voluer au sein de l\u2019\u00e9quipe de travail<\/span><\/li>\n<li style=\"font-weight: 400;\"><span style=\"font-weight: 400;\">Apporter du fond en proposant un message qui fait sens avec le m\u00e9tier et ses probl\u00e9matiques.<\/span><\/li>\n<li style=\"font-weight: 400;\"><span style=\"font-weight: 400;\">Proposer une forme qui se rapproche du divertissement en privil\u00e9giant l\u2019interactivit\u00e9 afin de \u00ab\u00a0d\u00e9tendre\u00a0\u00bb le groupe, d\u2019encourager la convivialit\u00e9 et de renforcer le lien entre les personnes.\u00a0<\/span><\/li>\n<\/ul>\n<p style=\"text-align: right;\"><strong><i>Ne pas m\u00e2cher ses mots est bien, \u00e0 condition de bien ruminer, au pr\u00e9alable, ses id\u00e9es.\u00a0<\/i><i><br \/> <\/i><a href=\"https:\/\/www.mon-poeme.fr\/citations-louis-philippe-robidoux\/\"><i>Louis-Philippe Robidoux<\/i><\/a><i>\u00a0; Lueurs (1951)<\/i><\/strong><\/p>\n<p>[\/et_pb_text][\/et_pb_column][\/et_pb_row][\/et_pb_section][et_pb_section fb_built=\u00a0\u00bb1&Prime; _builder_version=\u00a0\u00bb4.0.2&Prime; background_image=\u00a0\u00bbhttp:\/\/vafdmd.com\/oh\/wp-content\/uploads\/2019\/10\/food-bank_56.png\u00a0\u00bb custom_padding=\u00a0\u00bb35px||8px|||\u00a0\u00bb][et_pb_row _builder_version=\u00a0\u00bb4.0.2&Prime;][et_pb_column type=\u00a0\u00bb4_4&Prime; _builder_version=\u00a0\u00bb4.0.2&Prime;][et_pb_social_media_follow _builder_version=\u00a0\u00bb4.7.7&Prime; text_orientation=\u00a0\u00bbcenter\u00a0\u00bb][et_pb_social_media_follow_network social_network=\u00a0\u00bbfacebook\u00a0\u00bb url=\u00a0\u00bbhttps:\/\/www.facebook.com\/Omar-Hasan-135399816500972&Prime; icon_color=\u00a0\u00bb#ffffff\u00a0\u00bb use_icon_font_size=\u00a0\u00bbon\u00a0\u00bb icon_font_size=\u00a0\u00bb25px\u00a0\u00bb _builder_version=\u00a0\u00bb4.7.7&Prime; background_color=\u00a0\u00bb#3b5998&Prime; follow_button=\u00a0\u00bboff\u00a0\u00bb url_new_window=\u00a0\u00bbon\u00a0\u00bb]facebook[\/et_pb_social_media_follow_network][et_pb_social_media_follow_network social_network=\u00a0\u00bbtwitter\u00a0\u00bb url=\u00a0\u00bbhttps:\/\/twitter.com\/OmaHasan\u00a0\u00bb use_icon_font_size=\u00a0\u00bbon\u00a0\u00bb icon_font_size=\u00a0\u00bb25px\u00a0\u00bb _builder_version=\u00a0\u00bb4.7.7&Prime; background_color=\u00a0\u00bb#00aced\u00a0\u00bb follow_button=\u00a0\u00bboff\u00a0\u00bb url_new_window=\u00a0\u00bbon\u00a0\u00bb]twitter[\/et_pb_social_media_follow_network][et_pb_social_media_follow_network social_network=\u00a0\u00bblinkedin\u00a0\u00bb url=\u00a0\u00bbhttps:\/\/www.linkedin.com\/in\/omar-hasan-a1186a18\/\u00a0\u00bb use_icon_font_size=\u00a0\u00bbon\u00a0\u00bb icon_font_size=\u00a0\u00bb25px\u00a0\u00bb _builder_version=\u00a0\u00bb4.7.7&Prime; background_color=\u00a0\u00bb#007bb6&Prime; follow_button=\u00a0\u00bboff\u00a0\u00bb url_new_window=\u00a0\u00bbon\u00a0\u00bb]linkedin[\/et_pb_social_media_follow_network][et_pb_social_media_follow_network social_network=\u00a0\u00bbinstagram\u00a0\u00bb url=\u00a0\u00bbhttps:\/\/www.instagram.com\/omarhasan_baryton\/\u00a0\u00bb use_icon_font_size=\u00a0\u00bbon\u00a0\u00bb icon_font_size=\u00a0\u00bb25px\u00a0\u00bb _builder_version=\u00a0\u00bb4.7.7&Prime; background_color=\u00a0\u00bb#ea2c59&Prime; follow_button=\u00a0\u00bboff\u00a0\u00bb url_new_window=\u00a0\u00bbon\u00a0\u00bb]instagram[\/et_pb_social_media_follow_network][\/et_pb_social_media_follow][\/et_pb_column][\/et_pb_row][\/et_pb_section]<\/p>\n","protected":false},"excerpt":{"rendered":"<p>OMAR SUR MESURE Chaque entreprise poss\u00e8de son propre ADN, chaque \u00e9v\u00e9nement a sa propre raison d\u2019\u00eatre. Il est donc important de proposer \u00e0 chaque commanditaire un format \u00ab\u00a0sur-mesure\u00a0\u00bb pour montrer son positionnement sur les sujets qui entourent son activit\u00e9 de pr\u00e8s ou de loin. OMAR \u00ab\u00a0SUR-MESURE\u00a0\u00bb, c\u2019est comment\u00a0? Prendre le pouls de l\u2019entreprise, \u00e9couter et [&hellip;]<\/p>\n","protected":false},"author":1,"featured_media":0,"parent":0,"menu_order":0,"comment_status":"closed","ping_status":"closed","template":"","meta":{"_et_pb_use_builder":"on","_et_pb_old_content":"","_et_gb_content_width":"","footnotes":""},"class_list":["post-257","page","type-page","status-publish","hentry"],"yoast_head":"<!-- This site is optimized with the Yoast SEO plugin v27.4 - https:\/\/yoast.com\/product\/yoast-seo-wordpress\/ -->\n<title>EN ENTREPRISE &#060; Omar Hasan Baryton<\/title>\n<meta name=\"robots\" content=\"index, follow, max-snippet:-1, max-image-preview:large, max-video-preview:-1\" \/>\n<link rel=\"canonical\" href=\"https:\/\/omarhasan.fr\/index.php\/en-entreprise\/\" \/>\n<meta property=\"og:locale\" content=\"fr_FR\" \/>\n<meta property=\"og:type\" content=\"article\" \/>\n<meta property=\"og:title\" content=\"EN ENTREPRISE &#060; Omar Hasan Baryton\" \/>\n<meta property=\"og:description\" content=\"OMAR SUR MESURE Chaque entreprise poss\u00e8de son propre ADN, chaque \u00e9v\u00e9nement a sa propre raison d\u2019\u00eatre. Il est donc important de proposer \u00e0 chaque commanditaire un format &quot;sur-mesure&quot; pour montrer son positionnement sur les sujets qui entourent son activit\u00e9 de pr\u00e8s ou de loin. OMAR \u00ab\u00a0SUR-MESURE\u00a0\u00bb, c\u2019est comment\u00a0? Prendre le pouls de l\u2019entreprise, \u00e9couter et [&hellip;]\" \/>\n<meta property=\"og:url\" content=\"https:\/\/omarhasan.fr\/index.php\/en-entreprise\/\" \/>\n<meta property=\"og:site_name\" content=\"Omar Hasan Baryton\" \/>\n<meta property=\"article:modified_time\" content=\"2020-12-19T00:09:55+00:00\" \/>\n<meta name=\"twitter:card\" content=\"summary_large_image\" \/>\n<meta name=\"twitter:site\" content=\"@OmaHasan\" \/>\n<meta name=\"twitter:label1\" content=\"Dur\u00e9e de lecture estim\u00e9e\" \/>\n\t<meta name=\"twitter:data1\" content=\"3 minutes\" \/>\n<script type=\"application\/ld+json\" class=\"yoast-schema-graph\">{\"@context\":\"https:\\\/\\\/schema.org\",\"@graph\":[{\"@type\":\"WebPage\",\"@id\":\"https:\\\/\\\/omarhasan.fr\\\/index.php\\\/en-entreprise\\\/\",\"url\":\"https:\\\/\\\/omarhasan.fr\\\/index.php\\\/en-entreprise\\\/\",\"name\":\"EN ENTREPRISE &#060; Omar Hasan Baryton\",\"isPartOf\":{\"@id\":\"http:\\\/\\\/omarhasan.fr\\\/#website\"},\"datePublished\":\"2020-02-18T17:56:09+00:00\",\"dateModified\":\"2020-12-19T00:09:55+00:00\",\"breadcrumb\":{\"@id\":\"https:\\\/\\\/omarhasan.fr\\\/index.php\\\/en-entreprise\\\/#breadcrumb\"},\"inLanguage\":\"fr-FR\",\"potentialAction\":[{\"@type\":\"ReadAction\",\"target\":[\"https:\\\/\\\/omarhasan.fr\\\/index.php\\\/en-entreprise\\\/\"]}]},{\"@type\":\"BreadcrumbList\",\"@id\":\"https:\\\/\\\/omarhasan.fr\\\/index.php\\\/en-entreprise\\\/#breadcrumb\",\"itemListElement\":[{\"@type\":\"ListItem\",\"position\":1,\"name\":\"Portada\",\"item\":\"https:\\\/\\\/omarhasan.fr\\\/\"},{\"@type\":\"ListItem\",\"position\":2,\"name\":\"EN ENTREPRISE\"}]},{\"@type\":\"WebSite\",\"@id\":\"http:\\\/\\\/omarhasan.fr\\\/#website\",\"url\":\"http:\\\/\\\/omarhasan.fr\\\/\",\"name\":\"Omar Hasan Baryton\",\"description\":\"Omar Hasan Baryton\",\"publisher\":{\"@id\":\"http:\\\/\\\/omarhasan.fr\\\/#\\\/schema\\\/person\\\/a4d2c7deea762e2d869c69ae57fa4aec\"},\"potentialAction\":[{\"@type\":\"SearchAction\",\"target\":{\"@type\":\"EntryPoint\",\"urlTemplate\":\"http:\\\/\\\/omarhasan.fr\\\/?s={search_term_string}\"},\"query-input\":{\"@type\":\"PropertyValueSpecification\",\"valueRequired\":true,\"valueName\":\"search_term_string\"}}],\"inLanguage\":\"fr-FR\"},{\"@type\":[\"Person\",\"Organization\"],\"@id\":\"http:\\\/\\\/omarhasan.fr\\\/#\\\/schema\\\/person\\\/a4d2c7deea762e2d869c69ae57fa4aec\",\"name\":\"omarhasaegbd\",\"image\":{\"@type\":\"ImageObject\",\"inLanguage\":\"fr-FR\",\"@id\":\"https:\\\/\\\/secure.gravatar.com\\\/avatar\\\/df6243cb205ef4e8568a6146f1ed8ffe59315350fda8875bc3750fc517116ba3?s=96&d=mm&r=g\",\"url\":\"https:\\\/\\\/secure.gravatar.com\\\/avatar\\\/df6243cb205ef4e8568a6146f1ed8ffe59315350fda8875bc3750fc517116ba3?s=96&d=mm&r=g\",\"contentUrl\":\"https:\\\/\\\/secure.gravatar.com\\\/avatar\\\/df6243cb205ef4e8568a6146f1ed8ffe59315350fda8875bc3750fc517116ba3?s=96&d=mm&r=g\",\"caption\":\"omarhasaegbd\"},\"logo\":{\"@id\":\"https:\\\/\\\/secure.gravatar.com\\\/avatar\\\/df6243cb205ef4e8568a6146f1ed8ffe59315350fda8875bc3750fc517116ba3?s=96&d=mm&r=g\"}}]}<\/script>\n<!-- \/ Yoast SEO plugin. -->","yoast_head_json":{"title":"EN ENTREPRISE &#060; Omar Hasan Baryton","robots":{"index":"index","follow":"follow","max-snippet":"max-snippet:-1","max-image-preview":"max-image-preview:large","max-video-preview":"max-video-preview:-1"},"canonical":"https:\/\/omarhasan.fr\/index.php\/en-entreprise\/","og_locale":"fr_FR","og_type":"article","og_title":"EN ENTREPRISE &#060; Omar Hasan Baryton","og_description":"OMAR SUR MESURE Chaque entreprise poss\u00e8de son propre ADN, chaque \u00e9v\u00e9nement a sa propre raison d\u2019\u00eatre. Il est donc important de proposer \u00e0 chaque commanditaire un format \"sur-mesure\" pour montrer son positionnement sur les sujets qui entourent son activit\u00e9 de pr\u00e8s ou de loin. OMAR \u00ab\u00a0SUR-MESURE\u00a0\u00bb, c\u2019est comment\u00a0? Prendre le pouls de l\u2019entreprise, \u00e9couter et [&hellip;]","og_url":"https:\/\/omarhasan.fr\/index.php\/en-entreprise\/","og_site_name":"Omar Hasan Baryton","article_modified_time":"2020-12-19T00:09:55+00:00","twitter_card":"summary_large_image","twitter_site":"@OmaHasan","twitter_misc":{"Dur\u00e9e de lecture estim\u00e9e":"3 minutes"},"schema":{"@context":"https:\/\/schema.org","@graph":[{"@type":"WebPage","@id":"https:\/\/omarhasan.fr\/index.php\/en-entreprise\/","url":"https:\/\/omarhasan.fr\/index.php\/en-entreprise\/","name":"EN ENTREPRISE &#060; Omar Hasan Baryton","isPartOf":{"@id":"http:\/\/omarhasan.fr\/#website"},"datePublished":"2020-02-18T17:56:09+00:00","dateModified":"2020-12-19T00:09:55+00:00","breadcrumb":{"@id":"https:\/\/omarhasan.fr\/index.php\/en-entreprise\/#breadcrumb"},"inLanguage":"fr-FR","potentialAction":[{"@type":"ReadAction","target":["https:\/\/omarhasan.fr\/index.php\/en-entreprise\/"]}]},{"@type":"BreadcrumbList","@id":"https:\/\/omarhasan.fr\/index.php\/en-entreprise\/#breadcrumb","itemListElement":[{"@type":"ListItem","position":1,"name":"Portada","item":"https:\/\/omarhasan.fr\/"},{"@type":"ListItem","position":2,"name":"EN ENTREPRISE"}]},{"@type":"WebSite","@id":"http:\/\/omarhasan.fr\/#website","url":"http:\/\/omarhasan.fr\/","name":"Omar Hasan Baryton","description":"Omar Hasan Baryton","publisher":{"@id":"http:\/\/omarhasan.fr\/#\/schema\/person\/a4d2c7deea762e2d869c69ae57fa4aec"},"potentialAction":[{"@type":"SearchAction","target":{"@type":"EntryPoint","urlTemplate":"http:\/\/omarhasan.fr\/?s={search_term_string}"},"query-input":{"@type":"PropertyValueSpecification","valueRequired":true,"valueName":"search_term_string"}}],"inLanguage":"fr-FR"},{"@type":["Person","Organization"],"@id":"http:\/\/omarhasan.fr\/#\/schema\/person\/a4d2c7deea762e2d869c69ae57fa4aec","name":"omarhasaegbd","image":{"@type":"ImageObject","inLanguage":"fr-FR","@id":"https:\/\/secure.gravatar.com\/avatar\/df6243cb205ef4e8568a6146f1ed8ffe59315350fda8875bc3750fc517116ba3?s=96&d=mm&r=g","url":"https:\/\/secure.gravatar.com\/avatar\/df6243cb205ef4e8568a6146f1ed8ffe59315350fda8875bc3750fc517116ba3?s=96&d=mm&r=g","contentUrl":"https:\/\/secure.gravatar.com\/avatar\/df6243cb205ef4e8568a6146f1ed8ffe59315350fda8875bc3750fc517116ba3?s=96&d=mm&r=g","caption":"omarhasaegbd"},"logo":{"@id":"https:\/\/secure.gravatar.com\/avatar\/df6243cb205ef4e8568a6146f1ed8ffe59315350fda8875bc3750fc517116ba3?s=96&d=mm&r=g"}}]}},"_links":{"self":[{"href":"https:\/\/omarhasan.fr\/index.php\/wp-json\/wp\/v2\/pages\/257","targetHints":{"allow":["GET"]}}],"collection":[{"href":"https:\/\/omarhasan.fr\/index.php\/wp-json\/wp\/v2\/pages"}],"about":[{"href":"https:\/\/omarhasan.fr\/index.php\/wp-json\/wp\/v2\/types\/page"}],"author":[{"embeddable":true,"href":"https:\/\/omarhasan.fr\/index.php\/wp-json\/wp\/v2\/users\/1"}],"replies":[{"embeddable":true,"href":"https:\/\/omarhasan.fr\/index.php\/wp-json\/wp\/v2\/comments?post=257"}],"version-history":[{"count":7,"href":"https:\/\/omarhasan.fr\/index.php\/wp-json\/wp\/v2\/pages\/257\/revisions"}],"predecessor-version":[{"id":342,"href":"https:\/\/omarhasan.fr\/index.php\/wp-json\/wp\/v2\/pages\/257\/revisions\/342"}],"wp:attachment":[{"href":"https:\/\/omarhasan.fr\/index.php\/wp-json\/wp\/v2\/media?parent=257"}],"curies":[{"name":"wp","href":"https:\/\/api.w.org\/{rel}","templated":true}]}}